{"id":940,"date":"2023-12-09T12:37:59","date_gmt":"2023-12-09T11:37:59","guid":{"rendered":"https:\/\/esteticcaldes.com\/tractaments\/altres-serveis-productes\/"},"modified":"2023-12-21T10:30:28","modified_gmt":"2023-12-21T09:30:28","slug":"altres-serveis-productes","status":"publish","type":"page","link":"https:\/\/esteticcaldes.com\/ca\/tractaments\/altres-serveis-productes\/","title":{"rendered":"Altres serveis \/ productes"},"content":{"rendered":"\n<h1>\n\t\tAltres serveis \/ productes\n\t<\/h1>\n<h2>\n\t\tDEPILACI\u00d3 A LA CERA\n\t<\/h2>\n\t<p>Si encara no us heu decidit a realitzar la depilaci\u00f3 definitiva amb L\u00e0ser o IPL, podeu lluir un cos sense p\u00e8l mitjan\u00e7ant la depilaci\u00f3 amb cera.<\/p>\n<p>Utilitzem cera t\u00e8bia i cera calenta amb diferents propietats per a les diferents parts del cos.<\/p>\n<img width=\"1366\" height=\"768\" src=\"https:\/\/esteticcaldes.com\/wp-content\/uploads\/depilacion-cera-9-min.png\" alt=\"\" decoding=\"async\" loading=\"lazy\" srcset=\"https:\/\/esteticcaldes.com\/wp-content\/uploads\/depilacion-cera-9-min.png 1366w, https:\/\/esteticcaldes.com\/wp-content\/uploads\/depilacion-cera-9-min-300x169.png 300w, https:\/\/esteticcaldes.com\/wp-content\/uploads\/depilacion-cera-9-min-1024x576.png 1024w, https:\/\/esteticcaldes.com\/wp-content\/uploads\/depilacion-cera-9-min-768x432.png 768w\" sizes=\"auto, (max-width: 1366px) 100vw, 1366px\" \/><!-- .labb-service-text --><!-- .labb-service --><!-- .labb-service-wrapper --><img width=\"1366\" height=\"768\" src=\"https:\/\/esteticcaldes.com\/wp-content\/uploads\/depilacion-cera-8-min.png\" alt=\"\" decoding=\"async\" loading=\"lazy\" srcset=\"https:\/\/esteticcaldes.com\/wp-content\/uploads\/depilacion-cera-8-min.png 1366w, https:\/\/esteticcaldes.com\/wp-content\/uploads\/depilacion-cera-8-min-300x169.png 300w, https:\/\/esteticcaldes.com\/wp-content\/uploads\/depilacion-cera-8-min-1024x576.png 1024w, https:\/\/esteticcaldes.com\/wp-content\/uploads\/depilacion-cera-8-min-768x432.png 768w\" sizes=\"auto, (max-width: 1366px) 100vw, 1366px\" \/><!-- .labb-service-text --><!-- .labb-service --><!-- .labb-service-wrapper --><!-- .labb-services --><h2>\n\t\tCOSM\u00c8TICA\n\t<\/h2>\n\t<p>Treballem amb diferents laboratoris professionals per tal d&#8217;oferir-vos la cosm\u00e8tica espec\u00edfica m\u00e9s adequada per a cada tractament i necessitat personal, amb la finalitat d&#8217;aconseguir els millors resultats.<\/p>\n<p>Cosm\u00e8tica facial, cosm\u00e8tica corporal, tractament per enfortir les ungles, les pestanyes, netejar la pell en profunditat, exfoliar, combatre l&#8217;acne, les taques, els porus dilatats&#8230; Hidratar, oxigenar, reduir arrugues&#8230;<\/p>\n<h2>\n\t\tPERFUMS EQUIVALENTS\n\t<\/h2>\n\t<p>Gaudeix de la frag\u00e0ncia del teu perfum preferit a un preu m\u00e9s econ\u00f2mic<\/p>\n<h2>\n\t\tCOMPLEMENTS VITAM\u00cdNICS\n\t<\/h2>\n\t<p>Els complements alimentaris us ajudaran a aconseguir els vostres objectius m\u00e9s r\u00e0pidament, a millorar la vostra salut ia sentir-vos b\u00e9 en qualsevol \u00e8poca de l&#8217;any.<\/p>\n<p>Col\u00b7lagen per a la pell, complements per lluir un ventre pla, cremar greix, antioxidants, retenci\u00f3 de l\u00edquids, activar circulaci\u00f3 sangu\u00ednia&#8230;<\/p>\n<h2>\n\t\tEn qu\u00e8 et podem ajudar?\n\t<\/h2>\n\t<p>Som a Avda. Pi i Margall 40<\/p>\n<p>08140 Caldes de Montbui, Barcelona<\/p>\n\t\t\t<a href=\"tel:+34931889330\" target=\"_self\" rel=\"noopener\">\n\t\t\t\t\t\tReserva cita\n\t\t\t\t\t<\/a>\n\n","protected":false},"excerpt":{"rendered":"<p>Altres serveis \/ productes DEPILACI\u00d3 A LA CERA Si encara no us heu decidit a realitzar la depilaci\u00f3 definitiva amb L\u00e0ser o IPL, podeu lluir un cos sense p\u00e8l mitjan\u00e7ant la depilaci\u00f3 amb cera. Utilitzem cera t\u00e8bia i cera calenta amb diferents propietats per a les diferents parts del cos. COSM\u00c8TICA Treballem amb diferents laboratoris&hellip;<\/p>\n","protected":false},"author":1,"featured_media":0,"parent":915,"menu_order":10,"comment_status":"closed","ping_status":"closed","template":"","meta":{"footnotes":""},"class_list":["post-940","page","type-page","status-publish","hentry"],"yoast_head":"<!-- This site is optimized with the Yoast SEO plugin v21.7 - https:\/\/yoast.com\/wordpress\/plugins\/seo\/ -->\n<title>Altres serveis \/ productes - Est\u00e8tic Caldes<\/title>\n<meta name=\"robots\" content=\"index, follow, max-snippet:-1, max-image-preview:large, max-video-preview:-1\" \/>\n<link rel=\"canonical\" href=\"https:\/\/esteticcaldes.com\/ca\/tractaments\/altres-serveis-productes\/\" \/>\n<meta property=\"og:locale\" content=\"ca_ES\" \/>\n<meta property=\"og:type\" content=\"article\" \/>\n<meta property=\"og:title\" content=\"Altres serveis \/ productes - Est\u00e8tic Caldes\" \/>\n<meta property=\"og:description\" content=\"Altres serveis \/ productes DEPILACI\u00d3 A LA CERA Si encara no us heu decidit a realitzar la depilaci\u00f3 definitiva amb L\u00e0ser o IPL, podeu lluir un cos sense p\u00e8l mitjan\u00e7ant la depilaci\u00f3 amb cera. Utilitzem cera t\u00e8bia i cera calenta amb diferents propietats per a les diferents parts del cos. COSM\u00c8TICA Treballem amb diferents laboratoris&hellip;\" \/>\n<meta property=\"og:url\" content=\"https:\/\/esteticcaldes.com\/ca\/tractaments\/altres-serveis-productes\/\" \/>\n<meta property=\"og:site_name\" content=\"Est\u00e8tic Caldes\" \/>\n<meta property=\"article:publisher\" content=\"https:\/\/www.facebook.com\/esteticcaldes\/\" \/>\n<meta property=\"article:modified_time\" content=\"2023-12-21T09:30:28+00:00\" \/>\n<meta property=\"og:image\" content=\"https:\/\/esteticcaldes.com\/wp-content\/uploads\/depilacion-cera-9-min.png\" \/>\n<meta name=\"twitter:card\" content=\"summary_large_image\" \/>\n<meta name=\"twitter:label1\" content=\"Temps estimat de lectura\" \/>\n\t<meta name=\"twitter:data1\" content=\"1 minut\" \/>\n<script type=\"application\/ld+json\" class=\"yoast-schema-graph\">{\"@context\":\"https:\/\/schema.org\",\"@graph\":[{\"@type\":\"WebPage\",\"@id\":\"https:\/\/esteticcaldes.com\/ca\/tractaments\/altres-serveis-productes\/\",\"url\":\"https:\/\/esteticcaldes.com\/ca\/tractaments\/altres-serveis-productes\/\",\"name\":\"Altres serveis \/ productes - Est\u00e8tic Caldes\",\"isPartOf\":{\"@id\":\"https:\/\/esteticcaldes.com\/ca\/#website\"},\"datePublished\":\"2023-12-09T11:37:59+00:00\",\"dateModified\":\"2023-12-21T09:30:28+00:00\",\"breadcrumb\":{\"@id\":\"https:\/\/esteticcaldes.com\/ca\/tractaments\/altres-serveis-productes\/#breadcrumb\"},\"inLanguage\":\"ca\",\"potentialAction\":[{\"@type\":\"ReadAction\",\"target\":[\"https:\/\/esteticcaldes.com\/ca\/tractaments\/altres-serveis-productes\/\"]}]},{\"@type\":\"BreadcrumbList\",\"@id\":\"https:\/\/esteticcaldes.com\/ca\/tractaments\/altres-serveis-productes\/#breadcrumb\",\"itemListElement\":[{\"@type\":\"ListItem\",\"position\":1,\"name\":\"Portada\",\"item\":\"https:\/\/esteticcaldes.com\/ca\/\"},{\"@type\":\"ListItem\",\"position\":2,\"name\":\"Tractaments\",\"item\":\"https:\/\/esteticcaldes.com\/ca\/tractaments\/\"},{\"@type\":\"ListItem\",\"position\":3,\"name\":\"Altres serveis \/ productes\"}]},{\"@type\":\"WebSite\",\"@id\":\"https:\/\/esteticcaldes.com\/ca\/#website\",\"url\":\"https:\/\/esteticcaldes.com\/ca\/\",\"name\":\"Est\u00e8tic Caldes\",\"description\":\"Centro de Fotodepilaci\u00f3n y Est\u00e9tica avanzada\",\"publisher\":{\"@id\":\"https:\/\/esteticcaldes.com\/ca\/#organization\"},\"potentialAction\":[{\"@type\":\"SearchAction\",\"target\":{\"@type\":\"EntryPoint\",\"urlTemplate\":\"https:\/\/esteticcaldes.com\/ca\/?s={search_term_string}\"},\"query-input\":\"required name=search_term_string\"}],\"inLanguage\":\"ca\"},{\"@type\":\"Organization\",\"@id\":\"https:\/\/esteticcaldes.com\/ca\/#organization\",\"name\":\"Est\u00e8tic Caldes\",\"url\":\"https:\/\/esteticcaldes.com\/ca\/\",\"logo\":{\"@type\":\"ImageObject\",\"inLanguage\":\"ca\",\"@id\":\"https:\/\/esteticcaldes.com\/ca\/#\/schema\/logo\/image\/\",\"url\":\"https:\/\/esteticcaldes.com\/wp-content\/uploads\/logo-e1701891861941.jpeg\",\"contentUrl\":\"https:\/\/esteticcaldes.com\/wp-content\/uploads\/logo-e1701891861941.jpeg\",\"width\":400,\"height\":89,\"caption\":\"Est\u00e8tic Caldes\"},\"image\":{\"@id\":\"https:\/\/esteticcaldes.com\/ca\/#\/schema\/logo\/image\/\"},\"sameAs\":[\"https:\/\/www.facebook.com\/esteticcaldes\/\",\"https:\/\/www.instagram.com\/esteticcaldes\/\",\"https:\/\/g.co\/kgs\/HEUEgL\"]}]}<\/script>\n<!-- \/ Yoast SEO plugin. -->","yoast_head_json":{"title":"Altres serveis \/ productes - Est\u00e8tic Caldes","robots":{"index":"index","follow":"follow","max-snippet":"max-snippet:-1","max-image-preview":"max-image-preview:large","max-video-preview":"max-video-preview:-1"},"canonical":"https:\/\/esteticcaldes.com\/ca\/tractaments\/altres-serveis-productes\/","og_locale":"ca_ES","og_type":"article","og_title":"Altres serveis \/ productes - Est\u00e8tic Caldes","og_description":"Altres serveis \/ productes DEPILACI\u00d3 A LA CERA Si encara no us heu decidit a realitzar la depilaci\u00f3 definitiva amb L\u00e0ser o IPL, podeu lluir un cos sense p\u00e8l mitjan\u00e7ant la depilaci\u00f3 amb cera. Utilitzem cera t\u00e8bia i cera calenta amb diferents propietats per a les diferents parts del cos. COSM\u00c8TICA Treballem amb diferents laboratoris&hellip;","og_url":"https:\/\/esteticcaldes.com\/ca\/tractaments\/altres-serveis-productes\/","og_site_name":"Est\u00e8tic Caldes","article_publisher":"https:\/\/www.facebook.com\/esteticcaldes\/","article_modified_time":"2023-12-21T09:30:28+00:00","og_image":[{"url":"https:\/\/esteticcaldes.com\/wp-content\/uploads\/depilacion-cera-9-min.png"}],"twitter_card":"summary_large_image","twitter_misc":{"Temps estimat de lectura":"1 minut"},"schema":{"@context":"https:\/\/schema.org","@graph":[{"@type":"WebPage","@id":"https:\/\/esteticcaldes.com\/ca\/tractaments\/altres-serveis-productes\/","url":"https:\/\/esteticcaldes.com\/ca\/tractaments\/altres-serveis-productes\/","name":"Altres serveis \/ productes - Est\u00e8tic Caldes","isPartOf":{"@id":"https:\/\/esteticcaldes.com\/ca\/#website"},"datePublished":"2023-12-09T11:37:59+00:00","dateModified":"2023-12-21T09:30:28+00:00","breadcrumb":{"@id":"https:\/\/esteticcaldes.com\/ca\/tractaments\/altres-serveis-productes\/#breadcrumb"},"inLanguage":"ca","potentialAction":[{"@type":"ReadAction","target":["https:\/\/esteticcaldes.com\/ca\/tractaments\/altres-serveis-productes\/"]}]},{"@type":"BreadcrumbList","@id":"https:\/\/esteticcaldes.com\/ca\/tractaments\/altres-serveis-productes\/#breadcrumb","itemListElement":[{"@type":"ListItem","position":1,"name":"Portada","item":"https:\/\/esteticcaldes.com\/ca\/"},{"@type":"ListItem","position":2,"name":"Tractaments","item":"https:\/\/esteticcaldes.com\/ca\/tractaments\/"},{"@type":"ListItem","position":3,"name":"Altres serveis \/ productes"}]},{"@type":"WebSite","@id":"https:\/\/esteticcaldes.com\/ca\/#website","url":"https:\/\/esteticcaldes.com\/ca\/","name":"Est\u00e8tic Caldes","description":"Centro de Fotodepilaci\u00f3n y Est\u00e9tica avanzada","publisher":{"@id":"https:\/\/esteticcaldes.com\/ca\/#organization"},"potentialAction":[{"@type":"SearchAction","target":{"@type":"EntryPoint","urlTemplate":"https:\/\/esteticcaldes.com\/ca\/?s={search_term_string}"},"query-input":"required name=search_term_string"}],"inLanguage":"ca"},{"@type":"Organization","@id":"https:\/\/esteticcaldes.com\/ca\/#organization","name":"Est\u00e8tic Caldes","url":"https:\/\/esteticcaldes.com\/ca\/","logo":{"@type":"ImageObject","inLanguage":"ca","@id":"https:\/\/esteticcaldes.com\/ca\/#\/schema\/logo\/image\/","url":"https:\/\/esteticcaldes.com\/wp-content\/uploads\/logo-e1701891861941.jpeg","contentUrl":"https:\/\/esteticcaldes.com\/wp-content\/uploads\/logo-e1701891861941.jpeg","width":400,"height":89,"caption":"Est\u00e8tic Caldes"},"image":{"@id":"https:\/\/esteticcaldes.com\/ca\/#\/schema\/logo\/image\/"},"sameAs":["https:\/\/www.facebook.com\/esteticcaldes\/","https:\/\/www.instagram.com\/esteticcaldes\/","https:\/\/g.co\/kgs\/HEUEgL"]}]}},"_links":{"self":[{"href":"https:\/\/esteticcaldes.com\/ca\/wp-json\/wp\/v2\/pages\/940","targetHints":{"allow":["GET"]}}],"collection":[{"href":"https:\/\/esteticcaldes.com\/ca\/wp-json\/wp\/v2\/pages"}],"about":[{"href":"https:\/\/esteticcaldes.com\/ca\/wp-json\/wp\/v2\/types\/page"}],"author":[{"embeddable":true,"href":"https:\/\/esteticcaldes.com\/ca\/wp-json\/wp\/v2\/users\/1"}],"replies":[{"embeddable":true,"href":"https:\/\/esteticcaldes.com\/ca\/wp-json\/wp\/v2\/comments?post=940"}],"version-history":[{"count":1,"href":"https:\/\/esteticcaldes.com\/ca\/wp-json\/wp\/v2\/pages\/940\/revisions"}],"predecessor-version":[{"id":950,"href":"https:\/\/esteticcaldes.com\/ca\/wp-json\/wp\/v2\/pages\/940\/revisions\/950"}],"up":[{"embeddable":true,"href":"https:\/\/esteticcaldes.com\/ca\/wp-json\/wp\/v2\/pages\/915"}],"wp:attachment":[{"href":"https:\/\/esteticcaldes.com\/ca\/wp-json\/wp\/v2\/media?parent=940"}],"curies":[{"name":"wp","href":"https:\/\/api.w.org\/{rel}","templated":true}]}}

<h1>
		Altres serveis / productes
	</h1>
<h2>
		DEPILACIÓ A LA CERA
	</h2>
	<p>Si encara no us heu decidit a realitzar la depilació definitiva amb Làser o IPL, podeu lluir un cos sense pèl mitjançant la depilació amb cera.</p>
<p>Utilitzem cera tèbia i cera calenta amb diferents propietats per a les diferents parts del cos.</p>
<img width="1366" height="768" src="https://esteticcaldes.com/wp-content/uploads/depilacion-cera-9-min.png" alt="" decoding="async" loading="lazy" srcset="https://esteticcaldes.com/wp-content/uploads/depilacion-cera-9-min.png 1366w, https://esteticcaldes.com/wp-content/uploads/depilacion-cera-9-min-300x169.png 300w, https://esteticcaldes.com/wp-content/uploads/depilacion-cera-9-min-1024x576.png 1024w, https://esteticcaldes.com/wp-content/uploads/depilacion-cera-9-min-768x432.png 768w" sizes="auto, (max-width: 1366px) 100vw, 1366px" /><!-- .labb-service-text --><!-- .labb-service --><!-- .labb-service-wrapper --><img width="1366" height="768" src="https://esteticcaldes.com/wp-content/uploads/depilacion-cera-8-min.png" alt="" decoding="async" loading="lazy" srcset="https://esteticcaldes.com/wp-content/uploads/depilacion-cera-8-min.png 1366w, https://esteticcaldes.com/wp-content/uploads/depilacion-cera-8-min-300x169.png 300w, https://esteticcaldes.com/wp-content/uploads/depilacion-cera-8-min-1024x576.png 1024w, https://esteticcaldes.com/wp-content/uploads/depilacion-cera-8-min-768x432.png 768w" sizes="auto, (max-width: 1366px) 100vw, 1366px" /><!-- .labb-service-text --><!-- .labb-service --><!-- .labb-service-wrapper --><!-- .labb-services --><h2>
		COSMÈTICA
	</h2>
	<p>Treballem amb diferents laboratoris professionals per tal d&#8217;oferir-vos la cosmètica específica més adequada per a cada tractament i necessitat personal, amb la finalitat d&#8217;aconseguir els millors resultats.</p>
<p>Cosmètica facial, cosmètica corporal, tractament per enfortir les ungles, les pestanyes, netejar la pell en profunditat, exfoliar, combatre l&#8217;acne, les taques, els porus dilatats&#8230; Hidratar, oxigenar, reduir arrugues&#8230;</p>
<h2>
		PERFUMS EQUIVALENTS
	</h2>
	<p>Gaudeix de la fragància del teu perfum preferit a un preu més econòmic</p>
<h2>
		COMPLEMENTS VITAMÍNICS
	</h2>
	<p>Els complements alimentaris us ajudaran a aconseguir els vostres objectius més ràpidament, a millorar la vostra salut ia sentir-vos bé en qualsevol època de l&#8217;any.</p>
<p>Col·lagen per a la pell, complements per lluir un ventre pla, cremar greix, antioxidants, retenció de líquids, activar circulació sanguínia&#8230;</p>
<h2>
		En què et podem ajudar?
	</h2>
	<p>Som a Avda. Pi i Margall 40</p>
<p>08140 Caldes de Montbui, Barcelona</p>
			<a href="tel:+34931889330" target="_self" rel="noopener">
						Reserva cita
					</a>

<p>Altres serveis / productes DEPILACIÓ A LA CERA Si encara no us heu decidit a realitzar la depilació definitiva amb Làser o IPL, podeu lluir un cos sense pèl mitjançant la depilació amb cera. Utilitzem cera tèbia i cera calenta amb diferents propietats per a les diferents parts del cos. COSMÈTICA Treballem amb diferents laboratoris&hellip;</p>

<!-- This site is optimized with the Yoast SEO plugin v21.7 - https://yoast.com/wordpress/plugins/seo/ -->
<title>Altres serveis / productes - Estètic Caldes</title>
<meta name="robots" content="index, follow, max-snippet:-1, max-image-preview:large, max-video-preview:-1" />
<link rel="canonical" href="https://esteticcaldes.com/ca/tractaments/altres-serveis-productes/" />
<meta property="og:locale" content="ca_ES" />
<meta property="og:type" content="article" />
<meta property="og:title" content="Altres serveis / productes - Estètic Caldes" />
<meta property="og:description" content="Altres serveis / productes DEPILACIÓ A LA CERA Si encara no us heu decidit a realitzar la depilació definitiva amb Làser o IPL, podeu lluir un cos sense pèl mitjançant la depilació amb cera. Utilitzem cera tèbia i cera calenta amb diferents propietats per a les diferents parts del cos. COSMÈTICA Treballem amb diferents laboratoris&hellip;" />
<meta property="og:url" content="https://esteticcaldes.com/ca/tractaments/altres-serveis-productes/" />
<meta property="og:site_name" content="Estètic Caldes" />
<meta property="article:publisher" content="https://www.facebook.com/esteticcaldes/" />
<meta property="article:modified_time" content="2023-12-21T09:30:28+00:00" />
<meta property="og:image" content="https://esteticcaldes.com/wp-content/uploads/depilacion-cera-9-min.png" />
<meta name="twitter:card" content="summary_large_image" />
<meta name="twitter:label1" content="Temps estimat de lectura" />
	<meta name="twitter:data1" content="1 minut" />
<script type="application/ld+json" class="yoast-schema-graph">{"@context":"https://schema.org","@graph":[{"@type":"WebPage","@id":"https://esteticcaldes.com/ca/tractaments/altres-serveis-productes/","url":"https://esteticcaldes.com/ca/tractaments/altres-serveis-productes/","name":"Altres serveis / productes - Estètic Caldes","isPartOf":{"@id":"https://esteticcaldes.com/ca/#website"},"datePublished":"2023-12-09T11:37:59+00:00","dateModified":"2023-12-21T09:30:28+00:00","breadcrumb":{"@id":"https://esteticcaldes.com/ca/tractaments/altres-serveis-productes/#breadcrumb"},"inLanguage":"ca","potentialAction":[{"@type":"ReadAction","target":["https://esteticcaldes.com/ca/tractaments/altres-serveis-productes/"]}]},{"@type":"BreadcrumbList","@id":"https://esteticcaldes.com/ca/tractaments/altres-serveis-productes/#breadcrumb","itemListElement":[{"@type":"ListItem","position":1,"name":"Portada","item":"https://esteticcaldes.com/ca/"},{"@type":"ListItem","position":2,"name":"Tractaments","item":"https://esteticcaldes.com/ca/tractaments/"},{"@type":"ListItem","position":3,"name":"Altres serveis / productes"}]},{"@type":"WebSite","@id":"https://esteticcaldes.com/ca/#website","url":"https://esteticcaldes.com/ca/","name":"Estètic Caldes","description":"Centro de Fotodepilación y Estética avanzada","publisher":{"@id":"https://esteticcaldes.com/ca/#organization"},"potentialAction":[{"@type":"SearchAction","target":{"@type":"EntryPoint","urlTemplate":"https://esteticcaldes.com/ca/?s={search_term_string}"},"query-input":"required name=search_term_string"}],"inLanguage":"ca"},{"@type":"Organization","@id":"https://esteticcaldes.com/ca/#organization","name":"Estètic Caldes","url":"https://esteticcaldes.com/ca/","logo":{"@type":"ImageObject","inLanguage":"ca","@id":"https://esteticcaldes.com/ca/#/schema/logo/image/","url":"https://esteticcaldes.com/wp-content/uploads/logo-e1701891861941.jpeg","contentUrl":"https://esteticcaldes.com/wp-content/uploads/logo-e1701891861941.jpeg","width":400,"height":89,"caption":"Estètic Caldes"},"image":{"@id":"https://esteticcaldes.com/ca/#/schema/logo/image/"},"sameAs":["https://www.facebook.com/esteticcaldes/","https://www.instagram.com/esteticcaldes/","https://g.co/kgs/HEUEgL"]}]}</script>
<!-- / Yoast SEO plugin. -->

Altres serveis / productes - Estètic Caldes

Altres serveis / productes DEPILACIÓ A LA CERA Si encara no us heu decidit a realitzar la depilació definitiva amb Làser o IPL, podeu lluir un cos sense pèl mitjançant la depilació amb cera. Utilitzem cera tèbia i cera calenta amb diferents propietats per a les diferents parts del cos. COSMÈTICA Treballem amb diferents laboratoris&hellip;

Estètic Caldes

Centro de Fotodepilación y Estética avanzada
