{"id":931,"date":"2023-12-08T22:17:29","date_gmt":"2023-12-08T21:17:29","guid":{"rendered":"https:\/\/esteticcaldes.com\/tractaments\/micropigmentacio-estetica-i-oncologica\/"},"modified":"2023-12-21T10:35:17","modified_gmt":"2023-12-21T09:35:17","slug":"micropigmentacio-estetica-i-oncologica","status":"publish","type":"page","link":"https:\/\/esteticcaldes.com\/ca\/tractaments\/micropigmentacio-estetica-i-oncologica\/","title":{"rendered":"Micropigmentaci\u00f3 est\u00e8tica i oncol\u00f2gica"},"content":{"rendered":"\n<h1>\n\t\tMicropigmentaci\u00f3 est\u00e8tica i oncol\u00f2gica\n\t<\/h1>\n\t<p>La <strong>Micropigmentaci\u00f3 est\u00e8tica<\/strong> \u00e9s una t\u00e8cnica est\u00e8tica que consisteix en la implantaci\u00f3 de pigments espec\u00edfics a la pell per donar color i forma a certes parts del cos, com celles, ulls o llavis, amb l&#8217;objectiu d&#8217;embellir, corregir i millorar determinats trets facials o corporals.<\/p>\n<p>Aquesta t\u00e8cnica permet pigmentar la pell i repoblar zones que poden estar afectades per alop\u00e8cia com les celles o la calv\u00edcie, aix\u00ed com tamb\u00e9 millorar cicatrius i reconstruir ar\u00e8oles mam\u00e0ries en pacients que han patit c\u00e0ncer.<\/p>\n<p>La <strong>Micropigmentaci\u00f3 Oncol\u00f2gica<\/strong> ajuda a recuperar la confian\u00e7a i l&#8217;autoestima de les persones que estan passant o han passat per algun proc\u00e9s oncol\u00f2gic:<\/p>\n\t\t\t <p>Reconstrucci\u00f3 de l&#8217;ar\u00e8ola mam\u00e0ria despr\u00e9s d&#8217;una cirurgia de c\u00e0ncer de mama, creant un efecte 3D de llums i ombres que simulen les terminacions nervioses i la textura de la pell.<\/p>\t\t\n\t\t\t <p>Redefinici\u00f3 de celles i pestanyes per dissimular la p\u00e8rdua de borrissol en zones tan imprescindibles de la cara com les celles o les pestanyes.<\/p>\t\t\n\t\t\t <p>Camuflatge de cicatrius per dissimular les marques de les intervencions del proc\u00e9s oncol\u00f2gic.<\/p>\t\t\n\t<p>La <strong>Micropigmentaci\u00f3 Capil\u00b7lar<\/strong> simula la sortida dels cabells del cuir cabellut pel que s&#8217;ha convertit en una alternativa al trasplantament capil\u00b7lar i la seva demanda \u00e9s cada dia m\u00e9s gran gr\u00e0cies als beneficis i resultats que ofereix en els problemes d&#8217;escassetat o abs\u00e8ncia de cabell, calv\u00edcies i alop\u00e8cies.<\/p>\n<h2>\n\t\tBeneficis\n\t<\/h2>\n\t\t\t <p>Corregeix imperfeccions<\/p>\t\t\n\t\t\t <p>Rejoveneix l&#8217;aspecte facial<\/p>\t\t\n\t\t\t <p>Resultats duradors<\/p>\t\t\n\t\t\t <p>Restaura la confian\u00e7a i la seguretat<\/p>\t\t\n\t\t\t <p>Augmenta l&#8217;autoestima<\/p>\t\t\n\t\t\t <p>Estalviar temps en no haver de maquillar cada dia<\/p>\t\t\n\t<h2>\n\t\tEn qu\u00e8 et podem ajudar?\n\t<\/h2>\n\t<p>Som a Avda. Pi i Margall 40<\/p>\n<p>08140 Caldes de Montbui, Barcelona<\/p>\n\t\t\t<a href=\"tel:+34931889330\" target=\"_self\" rel=\"noopener\">\n\t\t\t\t\t\tReserva cita\n\t\t\t\t\t<\/a>\n\n","protected":false},"excerpt":{"rendered":"<p>Micropigmentaci\u00f3 est\u00e8tica i oncol\u00f2gica La Micropigmentaci\u00f3 est\u00e8tica \u00e9s una t\u00e8cnica est\u00e8tica que consisteix en la implantaci\u00f3 de pigments espec\u00edfics a la pell per donar color i forma a certes parts del cos, com celles, ulls o llavis, amb l&#8217;objectiu d&#8217;embellir, corregir i millorar determinats trets facials o corporals. Aquesta t\u00e8cnica permet pigmentar la pell i&hellip;<\/p>\n","protected":false},"author":1,"featured_media":0,"parent":915,"menu_order":6,"comment_status":"closed","ping_status":"closed","template":"","meta":{"footnotes":""},"class_list":["post-931","page","type-page","status-publish","hentry"],"yoast_head":"<!-- This site is optimized with the Yoast SEO plugin v21.7 - https:\/\/yoast.com\/wordpress\/plugins\/seo\/ -->\n<title>Micropigmentaci\u00f3 est\u00e8tica i oncol\u00f2gica - Est\u00e8tic Caldes<\/title>\n<meta name=\"robots\" content=\"index, follow, max-snippet:-1, max-image-preview:large, max-video-preview:-1\" \/>\n<link rel=\"canonical\" href=\"https:\/\/esteticcaldes.com\/ca\/tractaments\/micropigmentacio-estetica-i-oncologica\/\" \/>\n<meta property=\"og:locale\" content=\"ca_ES\" \/>\n<meta property=\"og:type\" content=\"article\" \/>\n<meta property=\"og:title\" content=\"Micropigmentaci\u00f3 est\u00e8tica i oncol\u00f2gica - Est\u00e8tic Caldes\" \/>\n<meta property=\"og:description\" content=\"Micropigmentaci\u00f3 est\u00e8tica i oncol\u00f2gica La Micropigmentaci\u00f3 est\u00e8tica \u00e9s una t\u00e8cnica est\u00e8tica que consisteix en la implantaci\u00f3 de pigments espec\u00edfics a la pell per donar color i forma a certes parts del cos, com celles, ulls o llavis, amb l&#8217;objectiu d&#8217;embellir, corregir i millorar determinats trets facials o corporals. Aquesta t\u00e8cnica permet pigmentar la pell i&hellip;\" \/>\n<meta property=\"og:url\" content=\"https:\/\/esteticcaldes.com\/ca\/tractaments\/micropigmentacio-estetica-i-oncologica\/\" \/>\n<meta property=\"og:site_name\" content=\"Est\u00e8tic Caldes\" \/>\n<meta property=\"article:publisher\" content=\"https:\/\/www.facebook.com\/esteticcaldes\/\" \/>\n<meta property=\"article:modified_time\" content=\"2023-12-21T09:35:17+00:00\" \/>\n<meta name=\"twitter:card\" content=\"summary_large_image\" \/>\n<meta name=\"twitter:label1\" content=\"Temps estimat de lectura\" \/>\n\t<meta name=\"twitter:data1\" content=\"1 minut\" \/>\n<script type=\"application\/ld+json\" class=\"yoast-schema-graph\">{\"@context\":\"https:\/\/schema.org\",\"@graph\":[{\"@type\":\"WebPage\",\"@id\":\"https:\/\/esteticcaldes.com\/ca\/tractaments\/micropigmentacio-estetica-i-oncologica\/\",\"url\":\"https:\/\/esteticcaldes.com\/ca\/tractaments\/micropigmentacio-estetica-i-oncologica\/\",\"name\":\"Micropigmentaci\u00f3 est\u00e8tica i oncol\u00f2gica - Est\u00e8tic Caldes\",\"isPartOf\":{\"@id\":\"https:\/\/esteticcaldes.com\/ca\/#website\"},\"datePublished\":\"2023-12-08T21:17:29+00:00\",\"dateModified\":\"2023-12-21T09:35:17+00:00\",\"breadcrumb\":{\"@id\":\"https:\/\/esteticcaldes.com\/ca\/tractaments\/micropigmentacio-estetica-i-oncologica\/#breadcrumb\"},\"inLanguage\":\"ca\",\"potentialAction\":[{\"@type\":\"ReadAction\",\"target\":[\"https:\/\/esteticcaldes.com\/ca\/tractaments\/micropigmentacio-estetica-i-oncologica\/\"]}]},{\"@type\":\"BreadcrumbList\",\"@id\":\"https:\/\/esteticcaldes.com\/ca\/tractaments\/micropigmentacio-estetica-i-oncologica\/#breadcrumb\",\"itemListElement\":[{\"@type\":\"ListItem\",\"position\":1,\"name\":\"Portada\",\"item\":\"https:\/\/esteticcaldes.com\/ca\/\"},{\"@type\":\"ListItem\",\"position\":2,\"name\":\"Tractaments\",\"item\":\"https:\/\/esteticcaldes.com\/ca\/tractaments\/\"},{\"@type\":\"ListItem\",\"position\":3,\"name\":\"Micropigmentaci\u00f3 est\u00e8tica i oncol\u00f2gica\"}]},{\"@type\":\"WebSite\",\"@id\":\"https:\/\/esteticcaldes.com\/ca\/#website\",\"url\":\"https:\/\/esteticcaldes.com\/ca\/\",\"name\":\"Est\u00e8tic Caldes\",\"description\":\"Centro de Fotodepilaci\u00f3n y Est\u00e9tica avanzada\",\"publisher\":{\"@id\":\"https:\/\/esteticcaldes.com\/ca\/#organization\"},\"potentialAction\":[{\"@type\":\"SearchAction\",\"target\":{\"@type\":\"EntryPoint\",\"urlTemplate\":\"https:\/\/esteticcaldes.com\/ca\/?s={search_term_string}\"},\"query-input\":\"required name=search_term_string\"}],\"inLanguage\":\"ca\"},{\"@type\":\"Organization\",\"@id\":\"https:\/\/esteticcaldes.com\/ca\/#organization\",\"name\":\"Est\u00e8tic Caldes\",\"url\":\"https:\/\/esteticcaldes.com\/ca\/\",\"logo\":{\"@type\":\"ImageObject\",\"inLanguage\":\"ca\",\"@id\":\"https:\/\/esteticcaldes.com\/ca\/#\/schema\/logo\/image\/\",\"url\":\"https:\/\/esteticcaldes.com\/wp-content\/uploads\/logo-e1701891861941.jpeg\",\"contentUrl\":\"https:\/\/esteticcaldes.com\/wp-content\/uploads\/logo-e1701891861941.jpeg\",\"width\":400,\"height\":89,\"caption\":\"Est\u00e8tic Caldes\"},\"image\":{\"@id\":\"https:\/\/esteticcaldes.com\/ca\/#\/schema\/logo\/image\/\"},\"sameAs\":[\"https:\/\/www.facebook.com\/esteticcaldes\/\",\"https:\/\/www.instagram.com\/esteticcaldes\/\",\"https:\/\/g.co\/kgs\/HEUEgL\"]}]}<\/script>\n<!-- \/ Yoast SEO plugin. -->","yoast_head_json":{"title":"Micropigmentaci\u00f3 est\u00e8tica i oncol\u00f2gica - Est\u00e8tic Caldes","robots":{"index":"index","follow":"follow","max-snippet":"max-snippet:-1","max-image-preview":"max-image-preview:large","max-video-preview":"max-video-preview:-1"},"canonical":"https:\/\/esteticcaldes.com\/ca\/tractaments\/micropigmentacio-estetica-i-oncologica\/","og_locale":"ca_ES","og_type":"article","og_title":"Micropigmentaci\u00f3 est\u00e8tica i oncol\u00f2gica - Est\u00e8tic Caldes","og_description":"Micropigmentaci\u00f3 est\u00e8tica i oncol\u00f2gica La Micropigmentaci\u00f3 est\u00e8tica \u00e9s una t\u00e8cnica est\u00e8tica que consisteix en la implantaci\u00f3 de pigments espec\u00edfics a la pell per donar color i forma a certes parts del cos, com celles, ulls o llavis, amb l&#8217;objectiu d&#8217;embellir, corregir i millorar determinats trets facials o corporals. Aquesta t\u00e8cnica permet pigmentar la pell i&hellip;","og_url":"https:\/\/esteticcaldes.com\/ca\/tractaments\/micropigmentacio-estetica-i-oncologica\/","og_site_name":"Est\u00e8tic Caldes","article_publisher":"https:\/\/www.facebook.com\/esteticcaldes\/","article_modified_time":"2023-12-21T09:35:17+00:00","twitter_card":"summary_large_image","twitter_misc":{"Temps estimat de lectura":"1 minut"},"schema":{"@context":"https:\/\/schema.org","@graph":[{"@type":"WebPage","@id":"https:\/\/esteticcaldes.com\/ca\/tractaments\/micropigmentacio-estetica-i-oncologica\/","url":"https:\/\/esteticcaldes.com\/ca\/tractaments\/micropigmentacio-estetica-i-oncologica\/","name":"Micropigmentaci\u00f3 est\u00e8tica i oncol\u00f2gica - Est\u00e8tic Caldes","isPartOf":{"@id":"https:\/\/esteticcaldes.com\/ca\/#website"},"datePublished":"2023-12-08T21:17:29+00:00","dateModified":"2023-12-21T09:35:17+00:00","breadcrumb":{"@id":"https:\/\/esteticcaldes.com\/ca\/tractaments\/micropigmentacio-estetica-i-oncologica\/#breadcrumb"},"inLanguage":"ca","potentialAction":[{"@type":"ReadAction","target":["https:\/\/esteticcaldes.com\/ca\/tractaments\/micropigmentacio-estetica-i-oncologica\/"]}]},{"@type":"BreadcrumbList","@id":"https:\/\/esteticcaldes.com\/ca\/tractaments\/micropigmentacio-estetica-i-oncologica\/#breadcrumb","itemListElement":[{"@type":"ListItem","position":1,"name":"Portada","item":"https:\/\/esteticcaldes.com\/ca\/"},{"@type":"ListItem","position":2,"name":"Tractaments","item":"https:\/\/esteticcaldes.com\/ca\/tractaments\/"},{"@type":"ListItem","position":3,"name":"Micropigmentaci\u00f3 est\u00e8tica i oncol\u00f2gica"}]},{"@type":"WebSite","@id":"https:\/\/esteticcaldes.com\/ca\/#website","url":"https:\/\/esteticcaldes.com\/ca\/","name":"Est\u00e8tic Caldes","description":"Centro de Fotodepilaci\u00f3n y Est\u00e9tica avanzada","publisher":{"@id":"https:\/\/esteticcaldes.com\/ca\/#organization"},"potentialAction":[{"@type":"SearchAction","target":{"@type":"EntryPoint","urlTemplate":"https:\/\/esteticcaldes.com\/ca\/?s={search_term_string}"},"query-input":"required name=search_term_string"}],"inLanguage":"ca"},{"@type":"Organization","@id":"https:\/\/esteticcaldes.com\/ca\/#organization","name":"Est\u00e8tic Caldes","url":"https:\/\/esteticcaldes.com\/ca\/","logo":{"@type":"ImageObject","inLanguage":"ca","@id":"https:\/\/esteticcaldes.com\/ca\/#\/schema\/logo\/image\/","url":"https:\/\/esteticcaldes.com\/wp-content\/uploads\/logo-e1701891861941.jpeg","contentUrl":"https:\/\/esteticcaldes.com\/wp-content\/uploads\/logo-e1701891861941.jpeg","width":400,"height":89,"caption":"Est\u00e8tic Caldes"},"image":{"@id":"https:\/\/esteticcaldes.com\/ca\/#\/schema\/logo\/image\/"},"sameAs":["https:\/\/www.facebook.com\/esteticcaldes\/","https:\/\/www.instagram.com\/esteticcaldes\/","https:\/\/g.co\/kgs\/HEUEgL"]}]}},"_links":{"self":[{"href":"https:\/\/esteticcaldes.com\/ca\/wp-json\/wp\/v2\/pages\/931","targetHints":{"allow":["GET"]}}],"collection":[{"href":"https:\/\/esteticcaldes.com\/ca\/wp-json\/wp\/v2\/pages"}],"about":[{"href":"https:\/\/esteticcaldes.com\/ca\/wp-json\/wp\/v2\/types\/page"}],"author":[{"embeddable":true,"href":"https:\/\/esteticcaldes.com\/ca\/wp-json\/wp\/v2\/users\/1"}],"replies":[{"embeddable":true,"href":"https:\/\/esteticcaldes.com\/ca\/wp-json\/wp\/v2\/comments?post=931"}],"version-history":[{"count":3,"href":"https:\/\/esteticcaldes.com\/ca\/wp-json\/wp\/v2\/pages\/931\/revisions"}],"predecessor-version":[{"id":953,"href":"https:\/\/esteticcaldes.com\/ca\/wp-json\/wp\/v2\/pages\/931\/revisions\/953"}],"up":[{"embeddable":true,"href":"https:\/\/esteticcaldes.com\/ca\/wp-json\/wp\/v2\/pages\/915"}],"wp:attachment":[{"href":"https:\/\/esteticcaldes.com\/ca\/wp-json\/wp\/v2\/media?parent=931"}],"curies":[{"name":"wp","href":"https:\/\/api.w.org\/{rel}","templated":true}]}}

Micropigmentació estètica i oncològica

<h1>
		Micropigmentació estètica i oncològica
	</h1>
	<p>La <strong>Micropigmentació estètica</strong> és una tècnica estètica que consisteix en la implantació de pigments específics a la pell per donar color i forma a certes parts del cos, com celles, ulls o llavis, amb l&#8217;objectiu d&#8217;embellir, corregir i millorar determinats trets facials o corporals.</p>
<p>Aquesta tècnica permet pigmentar la pell i repoblar zones que poden estar afectades per alopècia com les celles o la calvície, així com també millorar cicatrius i reconstruir arèoles mamàries en pacients que han patit càncer.</p>
<p>La <strong>Micropigmentació Oncològica</strong> ajuda a recuperar la confiança i l&#8217;autoestima de les persones que estan passant o han passat per algun procés oncològic:</p>
			 <p>Reconstrucció de l&#8217;arèola mamària després d&#8217;una cirurgia de càncer de mama, creant un efecte 3D de llums i ombres que simulen les terminacions nervioses i la textura de la pell.</p>		
			 <p>Redefinició de celles i pestanyes per dissimular la pèrdua de borrissol en zones tan imprescindibles de la cara com les celles o les pestanyes.</p>		
			 <p>Camuflatge de cicatrius per dissimular les marques de les intervencions del procés oncològic.</p>		
	<p>La <strong>Micropigmentació Capil·lar</strong> simula la sortida dels cabells del cuir cabellut pel que s&#8217;ha convertit en una alternativa al trasplantament capil·lar i la seva demanda és cada dia més gran gràcies als beneficis i resultats que ofereix en els problemes d&#8217;escassetat o absència de cabell, calvícies i alopècies.</p>
<h2>
		Beneficis
	</h2>
			 <p>Corregeix imperfeccions</p>		
			 <p>Rejoveneix l&#8217;aspecte facial</p>		
			 <p>Resultats duradors</p>		
			 <p>Restaura la confiança i la seguretat</p>		
			 <p>Augmenta l&#8217;autoestima</p>		
			 <p>Estalviar temps en no haver de maquillar cada dia</p>		
	<h2>
		En què et podem ajudar?
	</h2>
	<p>Som a Avda. Pi i Margall 40</p>
<p>08140 Caldes de Montbui, Barcelona</p>
			<a href="tel:+34931889330" target="_self" rel="noopener">
						Reserva cita
					</a>

<p>Micropigmentació estètica i oncològica La Micropigmentació estètica és una tècnica estètica que consisteix en la implantació de pigments específics a la pell per donar color i forma a certes parts del cos, com celles, ulls o llavis, amb l&#8217;objectiu d&#8217;embellir, corregir i millorar determinats trets facials o corporals. Aquesta tècnica permet pigmentar la pell i&hellip;</p>

<!-- This site is optimized with the Yoast SEO plugin v21.7 - https://yoast.com/wordpress/plugins/seo/ -->
<title>Micropigmentació estètica i oncològica - Estètic Caldes</title>
<meta name="robots" content="index, follow, max-snippet:-1, max-image-preview:large, max-video-preview:-1" />
<link rel="canonical" href="https://esteticcaldes.com/ca/tractaments/micropigmentacio-estetica-i-oncologica/" />
<meta property="og:locale" content="ca_ES" />
<meta property="og:type" content="article" />
<meta property="og:title" content="Micropigmentació estètica i oncològica - Estètic Caldes" />
<meta property="og:description" content="Micropigmentació estètica i oncològica La Micropigmentació estètica és una tècnica estètica que consisteix en la implantació de pigments específics a la pell per donar color i forma a certes parts del cos, com celles, ulls o llavis, amb l&#8217;objectiu d&#8217;embellir, corregir i millorar determinats trets facials o corporals. Aquesta tècnica permet pigmentar la pell i&hellip;" />
<meta property="og:url" content="https://esteticcaldes.com/ca/tractaments/micropigmentacio-estetica-i-oncologica/" />
<meta property="og:site_name" content="Estètic Caldes" />
<meta property="article:publisher" content="https://www.facebook.com/esteticcaldes/" />
<meta property="article:modified_time" content="2023-12-21T09:35:17+00:00" />
<meta name="twitter:card" content="summary_large_image" />
<meta name="twitter:label1" content="Temps estimat de lectura" />
	<meta name="twitter:data1" content="1 minut" />
<script type="application/ld+json" class="yoast-schema-graph">{"@context":"https://schema.org","@graph":[{"@type":"WebPage","@id":"https://esteticcaldes.com/ca/tractaments/micropigmentacio-estetica-i-oncologica/","url":"https://esteticcaldes.com/ca/tractaments/micropigmentacio-estetica-i-oncologica/","name":"Micropigmentació estètica i oncològica - Estètic Caldes","isPartOf":{"@id":"https://esteticcaldes.com/ca/#website"},"datePublished":"2023-12-08T21:17:29+00:00","dateModified":"2023-12-21T09:35:17+00:00","breadcrumb":{"@id":"https://esteticcaldes.com/ca/tractaments/micropigmentacio-estetica-i-oncologica/#breadcrumb"},"inLanguage":"ca","potentialAction":[{"@type":"ReadAction","target":["https://esteticcaldes.com/ca/tractaments/micropigmentacio-estetica-i-oncologica/"]}]},{"@type":"BreadcrumbList","@id":"https://esteticcaldes.com/ca/tractaments/micropigmentacio-estetica-i-oncologica/#breadcrumb","itemListElement":[{"@type":"ListItem","position":1,"name":"Portada","item":"https://esteticcaldes.com/ca/"},{"@type":"ListItem","position":2,"name":"Tractaments","item":"https://esteticcaldes.com/ca/tractaments/"},{"@type":"ListItem","position":3,"name":"Micropigmentació estètica i oncològica"}]},{"@type":"WebSite","@id":"https://esteticcaldes.com/ca/#website","url":"https://esteticcaldes.com/ca/","name":"Estètic Caldes","description":"Centro de Fotodepilación y Estética avanzada","publisher":{"@id":"https://esteticcaldes.com/ca/#organization"},"potentialAction":[{"@type":"SearchAction","target":{"@type":"EntryPoint","urlTemplate":"https://esteticcaldes.com/ca/?s={search_term_string}"},"query-input":"required name=search_term_string"}],"inLanguage":"ca"},{"@type":"Organization","@id":"https://esteticcaldes.com/ca/#organization","name":"Estètic Caldes","url":"https://esteticcaldes.com/ca/","logo":{"@type":"ImageObject","inLanguage":"ca","@id":"https://esteticcaldes.com/ca/#/schema/logo/image/","url":"https://esteticcaldes.com/wp-content/uploads/logo-e1701891861941.jpeg","contentUrl":"https://esteticcaldes.com/wp-content/uploads/logo-e1701891861941.jpeg","width":400,"height":89,"caption":"Estètic Caldes"},"image":{"@id":"https://esteticcaldes.com/ca/#/schema/logo/image/"},"sameAs":["https://www.facebook.com/esteticcaldes/","https://www.instagram.com/esteticcaldes/","https://g.co/kgs/HEUEgL"]}]}</script>
<!-- / Yoast SEO plugin. -->

Micropigmentació estètica i oncològica - Estètic Caldes

Micropigmentació estètica i oncològica La Micropigmentació estètica és una tècnica estètica que consisteix en la implantació de pigments específics a la pell per donar color i forma a certes parts del cos, com celles, ulls o llavis, amb l&#8217;objectiu d&#8217;embellir, corregir i millorar determinats trets facials o corporals. Aquesta tècnica permet pigmentar la pell i&hellip;

Estètic Caldes

Centro de Fotodepilación y Estética avanzada
