{"id":918,"date":"2023-12-06T17:59:18","date_gmt":"2023-12-06T16:59:18","guid":{"rendered":"https:\/\/esteticcaldes.com\/tractaments\/laser\/"},"modified":"2023-12-21T10:33:32","modified_gmt":"2023-12-21T09:33:32","slug":"laser","status":"publish","type":"page","link":"https:\/\/esteticcaldes.com\/ca\/tractaments\/laser\/","title":{"rendered":"L\u00e0ser"},"content":{"rendered":"\n<h1>\n\t\tL\u00e0ser\n\t<\/h1>\n<h2>\n\t\tDEPILACI\u00d3 L\u00c0SER\/IPL\n\t<\/h2>\n\t<p>La depilaci\u00f3 definitiva amb L\u00e0ser o IPL (Llum Polsada Intensa), \u00e9s una t\u00e8cnica que permet l&#8217;eliminaci\u00f3 progressiva del p\u00e8l de pr\u00e0cticament qualsevol zona del cos.<\/p>\n<p>Consisteix a projectar un feix de llum controlada sobre la zona a tractar, la qual produeix una determinada quantitat de calor que \u00e9s absorbida per la melanina del p\u00e8l, provocant el dany de l&#8217;arrel amb l&#8217;objectiu de que els p\u00e8ls no tornin a sortir .<\/p>\n<p>Hi ha diferents tipus de l\u00e0ser que treballen a llongitud d&#8217;ona diferents, la qual cosa repercuteix en el resultat final del tractament, ja que depenent de les caracter\u00edstiques personals de cada pacient (fototip de pell, tipus de p\u00e8l, zona a tractar, etc.), uns proporcionen millors resultats que altres a causa del tipus de llum que emeten.<\/p>\n<p>Per aix\u00f2 a ESTETIC CALDES disposem de diversos tipus de l\u00e0ser, cosa que ens permet adaptar-nos al m\u00e0xim a les necessitats dels nostres pacients i aix\u00ed obtenir els millors resultats.<\/p>\n<h3>\n\t\tBeneficis\n\t<\/h3>\n\t\t\t <p>Elimina el p\u00e8l del cos de manera definitiva<\/p>\t\t\n\t\t\t <p>Oblida&#8217;t de la cera i de la cutxilla d&#8217;afaitar<\/p>\t\t\n\t\t\t <p>Depilaci\u00f3 r\u00e0pida, efica\u00e7 i pr\u00e0cticament indolora<\/p>\t\t\n\t\t\t <p>Oblida&#8217;t dels p\u00e8ls enquistats<\/p>\t\t\n\t\t\t <p>Guanya qualitat de vida i autoestima<\/p>\t\t\n\t\t\t <p>Pell suau i llisa<\/p>\t\t\n\t<h2>\n\t\tDEPILACI\u00d3 EL\u00c8CTRICA\n\t<\/h2>\n\t<p>La depilaci\u00f3 el\u00e8ctrica \u00e9s un m\u00e8tode de depilaci\u00f3 que utilitza el corrent el\u00e8ctric per destruir el fol\u00b7licle pil\u00f3s i inhabilitar la seva capacitat de crear un nou p\u00e8l.<\/p>\n<p>La depilaci\u00f3 amb Electr\u00f2lisi i Term\u00f2lisi consisteix a inserir una agulla fina al fol\u00b7licle pil\u00f3s i aplicar un corrent el\u00e8ctric a l&#8217;arrel. En aquest procediment es crema l&#8217;arrel i s&#8217;impedeix produir m\u00e9s p\u00e8l.<\/p>\n<p>S&#8217;aconsella per tractar els p\u00e8ls fins o blancs que el l\u00e0ser no pot eliminar.<\/p>\n<h2>\n\t\tL\u00c0SER Q-SWITCHED NDYAG (Eliminaci\u00f3 de tatuatges i taques)\n\t<\/h2>\n\t<p>El l\u00e0ser Q-SWITCHED \u00e9s un m\u00e8tode per eliminar o aclarir tatuatges que es basa en l&#8217;aplicaci\u00f3 de polsos ultracurts d&#8217;energia lluminosa a la zona a tractar, que trenquen la tinta del tatuatge per eliminar-la progressivament mitjan\u00e7ant el propi cos sense deixar cicatrius.<\/p>\n<h3>\n\t\tBeneficis\n\t<\/h3>\n\t\t\t <p>Eliminaci\u00f3 de tatuatges<\/p>\t\t\n\t\t\t <p>Tracta lesions pigmentades com taques de l&#8217;edat, pigues&#8230;<\/p>\t\t\n\t\t\t <p>Tractament de lesions vasculars com aranyes vasculars i telangiect\u00e0sies.<\/p>\t\t\n\t<h2>\n\t\tTractament de rejoveniment facial\n\t<\/h2>\n\t<p>Som a Avda. Pi i Margall 40<\/p>\n<p>08140 Caldes de Montbui, Barcelona<\/p>\n\t\t\t<a href=\"tel:+34931889330\" target=\"_self\" rel=\"noopener\">\n\t\t\t\t\t\tReserva cita\n\t\t\t\t\t<\/a>\n\n","protected":false},"excerpt":{"rendered":"<p>L\u00e0ser DEPILACI\u00d3 L\u00c0SER\/IPL La depilaci\u00f3 definitiva amb L\u00e0ser o IPL (Llum Polsada Intensa), \u00e9s una t\u00e8cnica que permet l&#8217;eliminaci\u00f3 progressiva del p\u00e8l de pr\u00e0cticament qualsevol zona del cos. Consisteix a projectar un feix de llum controlada sobre la zona a tractar, la qual produeix una determinada quantitat de calor que \u00e9s absorbida per la melanina&hellip;<\/p>\n","protected":false},"author":1,"featured_media":0,"parent":915,"menu_order":0,"comment_status":"closed","ping_status":"closed","template":"","meta":{"footnotes":""},"class_list":["post-918","page","type-page","status-publish","hentry"],"yoast_head":"<!-- This site is optimized with the Yoast SEO plugin v21.7 - https:\/\/yoast.com\/wordpress\/plugins\/seo\/ -->\n<title>L\u00e0ser - Est\u00e8tic Caldes<\/title>\n<meta name=\"robots\" content=\"index, follow, max-snippet:-1, max-image-preview:large, max-video-preview:-1\" \/>\n<link rel=\"canonical\" href=\"https:\/\/esteticcaldes.com\/ca\/tractaments\/laser\/\" \/>\n<meta property=\"og:locale\" content=\"ca_ES\" \/>\n<meta property=\"og:type\" content=\"article\" \/>\n<meta property=\"og:title\" content=\"L\u00e0ser - Est\u00e8tic Caldes\" \/>\n<meta property=\"og:description\" content=\"L\u00e0ser DEPILACI\u00d3 L\u00c0SER\/IPL La depilaci\u00f3 definitiva amb L\u00e0ser o IPL (Llum Polsada Intensa), \u00e9s una t\u00e8cnica que permet l&#8217;eliminaci\u00f3 progressiva del p\u00e8l de pr\u00e0cticament qualsevol zona del cos. Consisteix a projectar un feix de llum controlada sobre la zona a tractar, la qual produeix una determinada quantitat de calor que \u00e9s absorbida per la melanina&hellip;\" \/>\n<meta property=\"og:url\" content=\"https:\/\/esteticcaldes.com\/ca\/tractaments\/laser\/\" \/>\n<meta property=\"og:site_name\" content=\"Est\u00e8tic Caldes\" \/>\n<meta property=\"article:publisher\" content=\"https:\/\/www.facebook.com\/esteticcaldes\/\" \/>\n<meta property=\"article:modified_time\" content=\"2023-12-21T09:33:32+00:00\" \/>\n<meta name=\"twitter:card\" content=\"summary_large_image\" \/>\n<meta name=\"twitter:label1\" content=\"Temps estimat de lectura\" \/>\n\t<meta name=\"twitter:data1\" content=\"2 minuts\" \/>\n<script type=\"application\/ld+json\" class=\"yoast-schema-graph\">{\"@context\":\"https:\/\/schema.org\",\"@graph\":[{\"@type\":\"WebPage\",\"@id\":\"https:\/\/esteticcaldes.com\/ca\/tractaments\/laser\/\",\"url\":\"https:\/\/esteticcaldes.com\/ca\/tractaments\/laser\/\",\"name\":\"L\u00e0ser - Est\u00e8tic Caldes\",\"isPartOf\":{\"@id\":\"https:\/\/esteticcaldes.com\/ca\/#website\"},\"datePublished\":\"2023-12-06T16:59:18+00:00\",\"dateModified\":\"2023-12-21T09:33:32+00:00\",\"breadcrumb\":{\"@id\":\"https:\/\/esteticcaldes.com\/ca\/tractaments\/laser\/#breadcrumb\"},\"inLanguage\":\"ca\",\"potentialAction\":[{\"@type\":\"ReadAction\",\"target\":[\"https:\/\/esteticcaldes.com\/ca\/tractaments\/laser\/\"]}]},{\"@type\":\"BreadcrumbList\",\"@id\":\"https:\/\/esteticcaldes.com\/ca\/tractaments\/laser\/#breadcrumb\",\"itemListElement\":[{\"@type\":\"ListItem\",\"position\":1,\"name\":\"Portada\",\"item\":\"https:\/\/esteticcaldes.com\/ca\/\"},{\"@type\":\"ListItem\",\"position\":2,\"name\":\"Tractaments\",\"item\":\"https:\/\/esteticcaldes.com\/ca\/tractaments\/\"},{\"@type\":\"ListItem\",\"position\":3,\"name\":\"L\u00e0ser\"}]},{\"@type\":\"WebSite\",\"@id\":\"https:\/\/esteticcaldes.com\/ca\/#website\",\"url\":\"https:\/\/esteticcaldes.com\/ca\/\",\"name\":\"Est\u00e8tic Caldes\",\"description\":\"Centro de Fotodepilaci\u00f3n y Est\u00e9tica avanzada\",\"publisher\":{\"@id\":\"https:\/\/esteticcaldes.com\/ca\/#organization\"},\"potentialAction\":[{\"@type\":\"SearchAction\",\"target\":{\"@type\":\"EntryPoint\",\"urlTemplate\":\"https:\/\/esteticcaldes.com\/ca\/?s={search_term_string}\"},\"query-input\":\"required name=search_term_string\"}],\"inLanguage\":\"ca\"},{\"@type\":\"Organization\",\"@id\":\"https:\/\/esteticcaldes.com\/ca\/#organization\",\"name\":\"Est\u00e8tic Caldes\",\"url\":\"https:\/\/esteticcaldes.com\/ca\/\",\"logo\":{\"@type\":\"ImageObject\",\"inLanguage\":\"ca\",\"@id\":\"https:\/\/esteticcaldes.com\/ca\/#\/schema\/logo\/image\/\",\"url\":\"https:\/\/esteticcaldes.com\/wp-content\/uploads\/logo-e1701891861941.jpeg\",\"contentUrl\":\"https:\/\/esteticcaldes.com\/wp-content\/uploads\/logo-e1701891861941.jpeg\",\"width\":400,\"height\":89,\"caption\":\"Est\u00e8tic Caldes\"},\"image\":{\"@id\":\"https:\/\/esteticcaldes.com\/ca\/#\/schema\/logo\/image\/\"},\"sameAs\":[\"https:\/\/www.facebook.com\/esteticcaldes\/\",\"https:\/\/www.instagram.com\/esteticcaldes\/\",\"https:\/\/g.co\/kgs\/HEUEgL\"]}]}<\/script>\n<!-- \/ Yoast SEO plugin. -->","yoast_head_json":{"title":"L\u00e0ser - Est\u00e8tic Caldes","robots":{"index":"index","follow":"follow","max-snippet":"max-snippet:-1","max-image-preview":"max-image-preview:large","max-video-preview":"max-video-preview:-1"},"canonical":"https:\/\/esteticcaldes.com\/ca\/tractaments\/laser\/","og_locale":"ca_ES","og_type":"article","og_title":"L\u00e0ser - Est\u00e8tic Caldes","og_description":"L\u00e0ser DEPILACI\u00d3 L\u00c0SER\/IPL La depilaci\u00f3 definitiva amb L\u00e0ser o IPL (Llum Polsada Intensa), \u00e9s una t\u00e8cnica que permet l&#8217;eliminaci\u00f3 progressiva del p\u00e8l de pr\u00e0cticament qualsevol zona del cos. Consisteix a projectar un feix de llum controlada sobre la zona a tractar, la qual produeix una determinada quantitat de calor que \u00e9s absorbida per la melanina&hellip;","og_url":"https:\/\/esteticcaldes.com\/ca\/tractaments\/laser\/","og_site_name":"Est\u00e8tic Caldes","article_publisher":"https:\/\/www.facebook.com\/esteticcaldes\/","article_modified_time":"2023-12-21T09:33:32+00:00","twitter_card":"summary_large_image","twitter_misc":{"Temps estimat de lectura":"2 minuts"},"schema":{"@context":"https:\/\/schema.org","@graph":[{"@type":"WebPage","@id":"https:\/\/esteticcaldes.com\/ca\/tractaments\/laser\/","url":"https:\/\/esteticcaldes.com\/ca\/tractaments\/laser\/","name":"L\u00e0ser - Est\u00e8tic Caldes","isPartOf":{"@id":"https:\/\/esteticcaldes.com\/ca\/#website"},"datePublished":"2023-12-06T16:59:18+00:00","dateModified":"2023-12-21T09:33:32+00:00","breadcrumb":{"@id":"https:\/\/esteticcaldes.com\/ca\/tractaments\/laser\/#breadcrumb"},"inLanguage":"ca","potentialAction":[{"@type":"ReadAction","target":["https:\/\/esteticcaldes.com\/ca\/tractaments\/laser\/"]}]},{"@type":"BreadcrumbList","@id":"https:\/\/esteticcaldes.com\/ca\/tractaments\/laser\/#breadcrumb","itemListElement":[{"@type":"ListItem","position":1,"name":"Portada","item":"https:\/\/esteticcaldes.com\/ca\/"},{"@type":"ListItem","position":2,"name":"Tractaments","item":"https:\/\/esteticcaldes.com\/ca\/tractaments\/"},{"@type":"ListItem","position":3,"name":"L\u00e0ser"}]},{"@type":"WebSite","@id":"https:\/\/esteticcaldes.com\/ca\/#website","url":"https:\/\/esteticcaldes.com\/ca\/","name":"Est\u00e8tic Caldes","description":"Centro de Fotodepilaci\u00f3n y Est\u00e9tica avanzada","publisher":{"@id":"https:\/\/esteticcaldes.com\/ca\/#organization"},"potentialAction":[{"@type":"SearchAction","target":{"@type":"EntryPoint","urlTemplate":"https:\/\/esteticcaldes.com\/ca\/?s={search_term_string}"},"query-input":"required name=search_term_string"}],"inLanguage":"ca"},{"@type":"Organization","@id":"https:\/\/esteticcaldes.com\/ca\/#organization","name":"Est\u00e8tic Caldes","url":"https:\/\/esteticcaldes.com\/ca\/","logo":{"@type":"ImageObject","inLanguage":"ca","@id":"https:\/\/esteticcaldes.com\/ca\/#\/schema\/logo\/image\/","url":"https:\/\/esteticcaldes.com\/wp-content\/uploads\/logo-e1701891861941.jpeg","contentUrl":"https:\/\/esteticcaldes.com\/wp-content\/uploads\/logo-e1701891861941.jpeg","width":400,"height":89,"caption":"Est\u00e8tic Caldes"},"image":{"@id":"https:\/\/esteticcaldes.com\/ca\/#\/schema\/logo\/image\/"},"sameAs":["https:\/\/www.facebook.com\/esteticcaldes\/","https:\/\/www.instagram.com\/esteticcaldes\/","https:\/\/g.co\/kgs\/HEUEgL"]}]}},"_links":{"self":[{"href":"https:\/\/esteticcaldes.com\/ca\/wp-json\/wp\/v2\/pages\/918","targetHints":{"allow":["GET"]}}],"collection":[{"href":"https:\/\/esteticcaldes.com\/ca\/wp-json\/wp\/v2\/pages"}],"about":[{"href":"https:\/\/esteticcaldes.com\/ca\/wp-json\/wp\/v2\/types\/page"}],"author":[{"embeddable":true,"href":"https:\/\/esteticcaldes.com\/ca\/wp-json\/wp\/v2\/users\/1"}],"replies":[{"embeddable":true,"href":"https:\/\/esteticcaldes.com\/ca\/wp-json\/wp\/v2\/comments?post=918"}],"version-history":[{"count":1,"href":"https:\/\/esteticcaldes.com\/ca\/wp-json\/wp\/v2\/pages\/918\/revisions"}],"predecessor-version":[{"id":952,"href":"https:\/\/esteticcaldes.com\/ca\/wp-json\/wp\/v2\/pages\/918\/revisions\/952"}],"up":[{"embeddable":true,"href":"https:\/\/esteticcaldes.com\/ca\/wp-json\/wp\/v2\/pages\/915"}],"wp:attachment":[{"href":"https:\/\/esteticcaldes.com\/ca\/wp-json\/wp\/v2\/media?parent=918"}],"curies":[{"name":"wp","href":"https:\/\/api.w.org\/{rel}","templated":true}]}}

Làser

<h1>
		Làser
	</h1>
<h2>
		DEPILACIÓ LÀSER/IPL
	</h2>
	<p>La depilació definitiva amb Làser o IPL (Llum Polsada Intensa), és una tècnica que permet l&#8217;eliminació progressiva del pèl de pràcticament qualsevol zona del cos.</p>
<p>Consisteix a projectar un feix de llum controlada sobre la zona a tractar, la qual produeix una determinada quantitat de calor que és absorbida per la melanina del pèl, provocant el dany de l&#8217;arrel amb l&#8217;objectiu de que els pèls no tornin a sortir .</p>
<p>Hi ha diferents tipus de làser que treballen a llongitud d&#8217;ona diferents, la qual cosa repercuteix en el resultat final del tractament, ja que depenent de les característiques personals de cada pacient (fototip de pell, tipus de pèl, zona a tractar, etc.), uns proporcionen millors resultats que altres a causa del tipus de llum que emeten.</p>
<p>Per això a ESTETIC CALDES disposem de diversos tipus de làser, cosa que ens permet adaptar-nos al màxim a les necessitats dels nostres pacients i així obtenir els millors resultats.</p>
<h3>
		Beneficis
	</h3>
			 <p>Elimina el pèl del cos de manera definitiva</p>		
			 <p>Oblida&#8217;t de la cera i de la cutxilla d&#8217;afaitar</p>		
			 <p>Depilació ràpida, eficaç i pràcticament indolora</p>		
			 <p>Oblida&#8217;t dels pèls enquistats</p>		
			 <p>Guanya qualitat de vida i autoestima</p>		
			 <p>Pell suau i llisa</p>		
	<h2>
		DEPILACIÓ ELÈCTRICA
	</h2>
	<p>La depilació elèctrica és un mètode de depilació que utilitza el corrent elèctric per destruir el fol·licle pilós i inhabilitar la seva capacitat de crear un nou pèl.</p>
<p>La depilació amb Electròlisi i Termòlisi consisteix a inserir una agulla fina al fol·licle pilós i aplicar un corrent elèctric a l&#8217;arrel. En aquest procediment es crema l&#8217;arrel i s&#8217;impedeix produir més pèl.</p>
<p>S&#8217;aconsella per tractar els pèls fins o blancs que el làser no pot eliminar.</p>
<h2>
		LÀSER Q-SWITCHED NDYAG (Eliminació de tatuatges i taques)
	</h2>
	<p>El làser Q-SWITCHED és un mètode per eliminar o aclarir tatuatges que es basa en l&#8217;aplicació de polsos ultracurts d&#8217;energia lluminosa a la zona a tractar, que trenquen la tinta del tatuatge per eliminar-la progressivament mitjançant el propi cos sense deixar cicatrius.</p>
<h3>
		Beneficis
	</h3>
			 <p>Eliminació de tatuatges</p>		
			 <p>Tracta lesions pigmentades com taques de l&#8217;edat, pigues&#8230;</p>		
			 <p>Tractament de lesions vasculars com aranyes vasculars i telangiectàsies.</p>		
	<h2>
		Tractament de rejoveniment facial
	</h2>
	<p>Som a Avda. Pi i Margall 40</p>
<p>08140 Caldes de Montbui, Barcelona</p>
			<a href="tel:+34931889330" target="_self" rel="noopener">
						Reserva cita
					</a>

<p>Làser DEPILACIÓ LÀSER/IPL La depilació definitiva amb Làser o IPL (Llum Polsada Intensa), és una tècnica que permet l&#8217;eliminació progressiva del pèl de pràcticament qualsevol zona del cos. Consisteix a projectar un feix de llum controlada sobre la zona a tractar, la qual produeix una determinada quantitat de calor que és absorbida per la melanina&hellip;</p>

<!-- This site is optimized with the Yoast SEO plugin v21.7 - https://yoast.com/wordpress/plugins/seo/ -->
<title>Làser - Estètic Caldes</title>
<meta name="robots" content="index, follow, max-snippet:-1, max-image-preview:large, max-video-preview:-1" />
<link rel="canonical" href="https://esteticcaldes.com/ca/tractaments/laser/" />
<meta property="og:locale" content="ca_ES" />
<meta property="og:type" content="article" />
<meta property="og:title" content="Làser - Estètic Caldes" />
<meta property="og:description" content="Làser DEPILACIÓ LÀSER/IPL La depilació definitiva amb Làser o IPL (Llum Polsada Intensa), és una tècnica que permet l&#8217;eliminació progressiva del pèl de pràcticament qualsevol zona del cos. Consisteix a projectar un feix de llum controlada sobre la zona a tractar, la qual produeix una determinada quantitat de calor que és absorbida per la melanina&hellip;" />
<meta property="og:url" content="https://esteticcaldes.com/ca/tractaments/laser/" />
<meta property="og:site_name" content="Estètic Caldes" />
<meta property="article:publisher" content="https://www.facebook.com/esteticcaldes/" />
<meta property="article:modified_time" content="2023-12-21T09:33:32+00:00" />
<meta name="twitter:card" content="summary_large_image" />
<meta name="twitter:label1" content="Temps estimat de lectura" />
	<meta name="twitter:data1" content="2 minuts" />
<script type="application/ld+json" class="yoast-schema-graph">{"@context":"https://schema.org","@graph":[{"@type":"WebPage","@id":"https://esteticcaldes.com/ca/tractaments/laser/","url":"https://esteticcaldes.com/ca/tractaments/laser/","name":"Làser - Estètic Caldes","isPartOf":{"@id":"https://esteticcaldes.com/ca/#website"},"datePublished":"2023-12-06T16:59:18+00:00","dateModified":"2023-12-21T09:33:32+00:00","breadcrumb":{"@id":"https://esteticcaldes.com/ca/tractaments/laser/#breadcrumb"},"inLanguage":"ca","potentialAction":[{"@type":"ReadAction","target":["https://esteticcaldes.com/ca/tractaments/laser/"]}]},{"@type":"BreadcrumbList","@id":"https://esteticcaldes.com/ca/tractaments/laser/#breadcrumb","itemListElement":[{"@type":"ListItem","position":1,"name":"Portada","item":"https://esteticcaldes.com/ca/"},{"@type":"ListItem","position":2,"name":"Tractaments","item":"https://esteticcaldes.com/ca/tractaments/"},{"@type":"ListItem","position":3,"name":"Làser"}]},{"@type":"WebSite","@id":"https://esteticcaldes.com/ca/#website","url":"https://esteticcaldes.com/ca/","name":"Estètic Caldes","description":"Centro de Fotodepilación y Estética avanzada","publisher":{"@id":"https://esteticcaldes.com/ca/#organization"},"potentialAction":[{"@type":"SearchAction","target":{"@type":"EntryPoint","urlTemplate":"https://esteticcaldes.com/ca/?s={search_term_string}"},"query-input":"required name=search_term_string"}],"inLanguage":"ca"},{"@type":"Organization","@id":"https://esteticcaldes.com/ca/#organization","name":"Estètic Caldes","url":"https://esteticcaldes.com/ca/","logo":{"@type":"ImageObject","inLanguage":"ca","@id":"https://esteticcaldes.com/ca/#/schema/logo/image/","url":"https://esteticcaldes.com/wp-content/uploads/logo-e1701891861941.jpeg","contentUrl":"https://esteticcaldes.com/wp-content/uploads/logo-e1701891861941.jpeg","width":400,"height":89,"caption":"Estètic Caldes"},"image":{"@id":"https://esteticcaldes.com/ca/#/schema/logo/image/"},"sameAs":["https://www.facebook.com/esteticcaldes/","https://www.instagram.com/esteticcaldes/","https://g.co/kgs/HEUEgL"]}]}</script>
<!-- / Yoast SEO plugin. -->

Làser - Estètic Caldes

Làser DEPILACIÓ LÀSER/IPL La depilació definitiva amb Làser o IPL (Llum Polsada Intensa), és una tècnica que permet l&#8217;eliminació progressiva del pèl de pràcticament qualsevol zona del cos. Consisteix a projectar un feix de llum controlada sobre la zona a tractar, la qual produeix una determinada quantitat de calor que és absorbida per la melanina&hellip;

Estètic Caldes

Centro de Fotodepilación y Estética avanzada
